{"id":2,"date":"2009-09-09T09:03:29","date_gmt":"2009-09-09T08:03:29","guid":{"rendered":"http:\/\/www.danielgander.com\/blog\/?page_id=2"},"modified":"2018-08-10T11:54:56","modified_gmt":"2018-08-10T09:54:56","slug":"about","status":"publish","type":"page","link":"https:\/\/www.danielgander.com\/blog\/about\/","title":{"rendered":"About Me"},"content":{"rendered":"<h1><img loading=\"lazy\" decoding=\"async\" class=\"alignright\" title=\"Daniel Gander\" src=\"http:\/\/www.danielgander.com\/oldhome\/info\/images\/me.jpg\" alt=\"\" width=\"200\" height=\"300\" \/><\/h1>\n<p>Mein Vater hat mir im Oktober 2004 meine erste Spiegelreflexkamera geschenkt. Mit diesem Geschenk hat\u00a0sich mein Leben und mein Alltag stark ver\u00e4ndert und es ist f\u00fcr mich schwer vorstellbar, welchen Verlauf es ohne\u00a0diesen\u00a0entscheidenden Moment genommen h\u00e4tte.<\/p>\n<p>Mittlerweile begleitet mich die Fotografie seit \u00fcber 10 Jahren und es gab\u00a0zahlreiche Phasen in denen ich diesem Hobby\u00a0jede Minute meiner Freizeit gewidmet hatte. Dazwischen gab es aber auch &#8220;durstige&#8221; Monate in denen die Kamera nicht mal anger\u00fchrt wurde. Auch wenn es mittlerweile noch weitere Hobbys gibt, die mich begeistern (Bergsport, Tanzen), wei\u00df ich, dass ich mir mein Leben ohne eine Kamera gar nicht mehr vorstellen kann. Au\u00dferdem lassen sich die anderen Hobbys auch gut mit dem Fotografieren kombinieren ;-)<\/p>\n<h1>Ich fotografiere, weil ich nicht singen kann &#8230;<\/h1>\n<p>Es gibt viele M\u00f6glichkeiten zu kommunizieren und sich mitzuteilen. Ich war nie ein gro\u00dfer Redner oder jemand, der sich mit Worten gut ausdr\u00fccken kann\u00a0&#8211; genausowenig liegt mir das Singen. Aus diesem Grund versuch ich mich mit meinen Bildern auszudr\u00fccken. Nicht umsonst sagt man:<\/p>\n<blockquote><p><a href=\"https:\/\/www.danielgander.com\/blog\/nature\/landscapes\/faaker-see\/\" >Ein Bild sagt mehr, als 1000 Worte<\/a>.<\/p><\/blockquote>\n<h1>Motifs are everywhere &#8230;<\/h1>\n<p>Ein einfacher Satz der f\u00fcr mich aber von Anfang an eine wichtige\u00a0Rolle gespielt hat. Egal wo man ist, egal zu welcher Zeit, wenn man die Augen aufmacht, findet man \u00fcberall Motive, die es wert sind, fotografiert zu werden. Aus diesem Grund versuche ich so oft wie m\u00f6glich meine Kamera dabei zu haben.<\/p>\n<p>Zu meinen Lieblingsmotiven geh\u00f6ren:<\/p>\n<ul>\n<li>Menschen<\/li>\n<li>Street<\/li>\n<li>Natur und Landschaft<\/li>\n<li>Sport und Action<\/li>\n<li>Konzerte und Bands<\/li>\n<\/ul>\n<p>F\u00fcr die Technik-Freaks: Hier gibt es eine Liste meines verwendeten <a href=\"https:\/\/www.danielgander.com\/blog\/about\/equipment\/\" >Foto-Equipments<\/a>.<\/p>\n<h2>Feedback<\/h2>\n<blockquote><p>I am truly amazed by your photography&#8230;I think I felt this in u, the kind of very subtle sense, care, feeling &#8230;angle, eye, look, &#8230;sensitivity which gives you the edge and yet firm in the grasp.<\/p><\/blockquote>\n<p style=\"text-align: right;\">by Klara<\/p>\n<blockquote><p>Your page amazes me&#8230; great work and stunning presentation! Keep going like that :-)<\/p><\/blockquote>\n<p style=\"text-align: right;\">by Anna<\/p>\n<blockquote><p>It made me trust you so quickly despite whatever demons I was tackling when we met&#8230; it makes me trust you. it makes me want to make photos with you because there is so much more behind.<\/p><\/blockquote>\n<p style=\"text-align: right;\">by Klara<\/p>\n<blockquote><p>Ich hatte in meinen ersten Leben viel mit Fotografen zu tun, und ich w\u00e4re entz\u00fcckt gewesen, wenn so einer bei unseren Buchprojekten fotografiert h\u00e4tte.<\/p><\/blockquote>\n<p style=\"text-align: right;\">by Ferdl<\/p>\n<h1><del><\/del>Ausstellungen<\/h1>\n<p>(im Zuge meiner Mitgliedschaft beim Club der Amateurfotografen Graz)<\/p>\n<ul>\n<li>09.02.2007 bis 12.05.2007 &#8211; Ausstellung im Mayk\u00e4fer (Galerie im Lokal) in der Maygasse 5 (Graz)<\/li>\n<li>13.03.2007 bis 12.05.2007 &#8211; Ausstellung in den Clubr\u00e4umen des Club der Amateurfotografen (CDA) in der Klosterwiesgasse 35\/K (Graz)<\/li>\n<li>13.05.2007 bis 30.06.2007 &#8211; Zweite Ausstellung im Mayk\u00e4fer (Galerie im Lokal) in der Maygasse 5 (Graz)<\/li>\n<li>05.10.2007 bis 05.11.2007 &#8211; Teilnehmer bei einer Ausstellung in der Galeria Pasaza in Radovljica (Slowenien)<\/li>\n<li>06.07.2008 bis 08.08.2008 &#8211; Dritte Ausstellung im Mayk\u00e4fer (Galerie im Lokal) in der Maygasse 5 (Graz)<\/li>\n<\/ul>\n<h1>Wettbewerbe<\/h1>\n<ul>\n<li>26.08.2006 &#8211; Gewinner des Onlinevotings beim Fotomarathon Linz 2006<\/li>\n<li>26.08.2006 &#8211; Platz 10 der Jurywertung beim Fotomarathon Linz 2006<\/li>\n<li>09.09.2006 &#8211; Platz 20 beim 3. Wiener Fotomarathon von insgesamt 900 Teilnehmern<\/li>\n<li>25.10.2008 &#8211; Platz 3 beim 5. Wiener Fotomarathon von insgesamt 1300 Teilnehmern<\/li>\n<li>20.09.2009 &#8211; Platz 67 beim 6. Wiener Fotomarathon von insgesamt 1500 Teilnehmern<\/li>\n<li>03.10.2010 &#8211; Platz 3 beim 7. Wiener Fotomarathon (Halbmarathon)<\/li>\n<\/ul>\n","protected":false},"excerpt":{"rendered":"<p>Mein Vater hat mir im Oktober 2004 meine erste Spiegelreflexkamera geschenkt. Mit diesem Geschenk hat\u00a0sich mein Leben und mein Alltag stark ver\u00e4ndert und es ist f\u00fcr mich schwer vorstellbar, welchen Verlauf es ohne\u00a0diesen\u00a0entscheidenden Moment genommen h\u00e4tte. Mittlerweile begleitet mich die Fotografie seit \u00fcber 10 Jahren und es gab\u00a0zahlreiche Phasen in denen ich diesem Hobby\u00a0jede Minute&hellip; <\/p>\n<p><a href=\"https:\/\/www.danielgander.com\/blog\/about\/\"  title='Permanent link to About Me' class='more-link'>Continue Reading &rarr;<\/a><\/p>\n","protected":false},"author":5,"featured_media":0,"parent":0,"menu_order":1,"comment_status":"closed","ping_status":"closed","template":"","meta":{"footnotes":""},"class_list":["post-2","page","type-page","status-publish","hentry","lock-1"],"_links":{"self":[{"href":"https:\/\/www.danielgander.com\/blog\/wp-json\/wp\/v2\/pages\/2","targetHints":{"allow":["GET"]}}],"collection":[{"href":"https:\/\/www.danielgander.com\/blog\/wp-json\/wp\/v2\/pages"}],"about":[{"href":"https:\/\/www.danielgander.com\/blog\/wp-json\/wp\/v2\/types\/page"}],"author":[{"embeddable":true,"href":"https:\/\/www.danielgander.com\/blog\/wp-json\/wp\/v2\/users\/5"}],"replies":[{"embeddable":true,"href":"https:\/\/www.danielgander.com\/blog\/wp-json\/wp\/v2\/comments?post=2"}],"version-history":[{"count":0,"href":"https:\/\/www.danielgander.com\/blog\/wp-json\/wp\/v2\/pages\/2\/revisions"}],"wp:attachment":[{"href":"https:\/\/www.danielgander.com\/blog\/wp-json\/wp\/v2\/media?parent=2"}],"curies":[{"name":"wp","href":"https:\/\/api.w.org\/{rel}","templated":true}]}}

<h1><img loading="lazy" decoding="async" class="alignright" title="Daniel Gander" src="http://www.danielgander.com/oldhome/info/images/me.jpg" alt="" width="200" height="300" /></h1>
<p>Mein Vater hat mir im Oktober 2004 meine erste Spiegelreflexkamera geschenkt. Mit diesem Geschenk hat sich mein Leben und mein Alltag stark verändert und es ist für mich schwer vorstellbar, welchen Verlauf es ohne diesen entscheidenden Moment genommen hätte.</p>
<p>Mittlerweile begleitet mich die Fotografie seit über 10 Jahren und es gab zahlreiche Phasen in denen ich diesem Hobby jede Minute meiner Freizeit gewidmet hatte. Dazwischen gab es aber auch &#8220;durstige&#8221; Monate in denen die Kamera nicht mal angerührt wurde. Auch wenn es mittlerweile noch weitere Hobbys gibt, die mich begeistern (Bergsport, Tanzen), weiß ich, dass ich mir mein Leben ohne eine Kamera gar nicht mehr vorstellen kann. Außerdem lassen sich die anderen Hobbys auch gut mit dem Fotografieren kombinieren ;-)</p>
<h1>Ich fotografiere, weil ich nicht singen kann &#8230;</h1>
<p>Es gibt viele Möglichkeiten zu kommunizieren und sich mitzuteilen. Ich war nie ein großer Redner oder jemand, der sich mit Worten gut ausdrücken kann &#8211; genausowenig liegt mir das Singen. Aus diesem Grund versuch ich mich mit meinen Bildern auszudrücken. Nicht umsonst sagt man:</p>
<blockquote><p><a href="https://www.danielgander.com/blog/nature/landscapes/faaker-see/" >Ein Bild sagt mehr, als 1000 Worte</a>.</p></blockquote>
<h1>Motifs are everywhere &#8230;</h1>
<p>Ein einfacher Satz der für mich aber von Anfang an eine wichtige Rolle gespielt hat. Egal wo man ist, egal zu welcher Zeit, wenn man die Augen aufmacht, findet man überall Motive, die es wert sind, fotografiert zu werden. Aus diesem Grund versuche ich so oft wie möglich meine Kamera dabei zu haben.</p>
<p>Zu meinen Lieblingsmotiven gehören:</p>
<ul>
<li>Menschen</li>
<li>Street</li>
<li>Natur und Landschaft</li>
<li>Sport und Action</li>
<li>Konzerte und Bands</li>
</ul>
<p>Für die Technik-Freaks: Hier gibt es eine Liste meines verwendeten <a href="https://www.danielgander.com/blog/about/equipment/" >Foto-Equipments</a>.</p>
<h2>Feedback</h2>
<blockquote><p>I am truly amazed by your photography&#8230;I think I felt this in u, the kind of very subtle sense, care, feeling &#8230;angle, eye, look, &#8230;sensitivity which gives you the edge and yet firm in the grasp.</p></blockquote>
<p style="text-align: right;">by Klara</p>
<blockquote><p>Your page amazes me&#8230; great work and stunning presentation! Keep going like that :-)</p></blockquote>
<p style="text-align: right;">by Anna</p>
<blockquote><p>It made me trust you so quickly despite whatever demons I was tackling when we met&#8230; it makes me trust you. it makes me want to make photos with you because there is so much more behind.</p></blockquote>
<p style="text-align: right;">by Klara</p>
<blockquote><p>Ich hatte in meinen ersten Leben viel mit Fotografen zu tun, und ich wäre entzückt gewesen, wenn so einer bei unseren Buchprojekten fotografiert hätte.</p></blockquote>
<p style="text-align: right;">by Ferdl</p>
<h1><del></del>Ausstellungen</h1>
<p>(im Zuge meiner Mitgliedschaft beim Club der Amateurfotografen Graz)</p>
<ul>
<li>09.02.2007 bis 12.05.2007 &#8211; Ausstellung im Maykäfer (Galerie im Lokal) in der Maygasse 5 (Graz)</li>
<li>13.03.2007 bis 12.05.2007 &#8211; Ausstellung in den Clubräumen des Club der Amateurfotografen (CDA) in der Klosterwiesgasse 35/K (Graz)</li>
<li>13.05.2007 bis 30.06.2007 &#8211; Zweite Ausstellung im Maykäfer (Galerie im Lokal) in der Maygasse 5 (Graz)</li>
<li>05.10.2007 bis 05.11.2007 &#8211; Teilnehmer bei einer Ausstellung in der Galeria Pasaza in Radovljica (Slowenien)</li>
<li>06.07.2008 bis 08.08.2008 &#8211; Dritte Ausstellung im Maykäfer (Galerie im Lokal) in der Maygasse 5 (Graz)</li>
</ul>
<h1>Wettbewerbe</h1>
<ul>
<li>26.08.2006 &#8211; Gewinner des Onlinevotings beim Fotomarathon Linz 2006</li>
<li>26.08.2006 &#8211; Platz 10 der Jurywertung beim Fotomarathon Linz 2006</li>
<li>09.09.2006 &#8211; Platz 20 beim 3. Wiener Fotomarathon von insgesamt 900 Teilnehmern</li>
<li>25.10.2008 &#8211; Platz 3 beim 5. Wiener Fotomarathon von insgesamt 1300 Teilnehmern</li>
<li>20.09.2009 &#8211; Platz 67 beim 6. Wiener Fotomarathon von insgesamt 1500 Teilnehmern</li>
<li>03.10.2010 &#8211; Platz 3 beim 7. Wiener Fotomarathon (Halbmarathon)</li>
</ul>

<p>Mein Vater hat mir im Oktober 2004 meine erste Spiegelreflexkamera geschenkt. Mit diesem Geschenk hat sich mein Leben und mein Alltag stark verändert und es ist für mich schwer vorstellbar, welchen Verlauf es ohne diesen entscheidenden Moment genommen hätte. Mittlerweile begleitet mich die Fotografie seit über 10 Jahren und es gab zahlreiche Phasen in denen ich diesem Hobby jede Minute&hellip; </p>
<p><a href="https://www.danielgander.com/blog/about/"  title='Permanent link to About Me' class='more-link'>Continue Reading &rarr;</a></p>
